s digit of 346893121?
2
What is the thousands digit of 5419376265?
6
What is the hundred thousands digit of 293297038?
2
What is the hundred thousands digit of 2636393650?
3
What is the millions digit of 91053104?
1
What is the billions digit of 1571340226?
1
What is the thousands digit of 24253862?
3
What is the millions digit of 49130812?
9
What is the ten thousands digit of 439381182?
8
What is the thousands digit of 257983240?
3
What is the thousands digit of 2846048004?
8
What is the ten millions digit of 4940343250?
4
What is the thousands digit of 1686622024?
2
What is the hundreds digit of 34209048?
0
What is the ten millions digit of 301293931?
0
What is the ten millions digit of 309779796?
0
What is the ten thousands digit of 870922344?
2
What is the ten thousands digit of 554557963?
5
What is the ten thousands digit of 262496853?
9
What is the ten millions digit of 69177771?
6
What is the hundreds digit of 31572029?
0
What is the hundred millions digit of 219795160?
2
What is the units digit of 1148811105?
5
What is the ten millions digit of 875283390?
7
What is the ten thousands digit of 3545255772?
5
What is the hundred millions digit of 1492602772?
4
What is the ten thousands digit of 2048673852?
7
What is the hundred millions digit of 491060913?
4
What is the ten thousands digit of 126917765?
1
What is the millions digit of 96233465?
6
What is the units digit of 913318360?
0
What is the thousands digit of 6285083?
5
What is the tens digit of 62277776?
7
What is the ten thousands digit of 3277876738?
7
What is the ten thousands digit of 385229123?
2
What is the hundred thousands digit of 44145368?
1
What is the units digit of 22134089?
9
What is the millions digit of 431124644?
1
What is the millions digit of 43082396?
3
What is the units digit of 52757019?
9
What is the ten millions digit of 475904924?
7
What is the ten millions digit of 967588160?
6
What is the ten millions digit of 439224987?
3
What is the thousands digit of 152713501?
3
What is the hundred thousands digit of 638356215?
3
What is the billions digit of 1980583024?
1
What is the hundreds digit of 726627197?
1
What is the units digit of 122005043?
3
What is the hundreds digit of 1385885876?
8
What is the thousands digit of 486188894?
8
What is the units digit of 20832727?
7
What is the units digit of 773469112?
2
What is the units digit of 255409541?
1
What is the units digit of 7155061112?
2
What is the tens digit of 2123968826?
2
What is the units digit of 63437850?
0
What is the ten millions digit of 317070922?
1
What is the hundreds digit of 557419472?
4
What is the ten thousands digit of 1040779504?
7
What is the hundred thousands digit of 716438356?
4
What is the hundreds digit of 826871849?
8
What is the thousands digit of 207894101?
4
What is the tens digit of 314675389?
8
What is the units digit of 343631055?
5
What is the thousands digit of 495216722?
6
What is the units digit of 142047468?
8
What is the ten thousands digit of 2503586098?
8
What is the hundred millions digit of 4713206536?
7
What is the ten thousands digit of 1402426212?
2
What is the units digit of 1097930596?
6
What is the millions digit of 1760820240?
0
What is the tens digit of 37062959?
5
What is the thousands digit of 18122143?
2
What is the units digit of 232050654?
4
What is the millions digit of 42512682?
2
What is the millions digit of 2700471690?
0
What is the millions digit of 45372451?
5
What is the units digit of 617078901?
1
What is the hundred millions digit of 518774330?
5
What is the millions digit of 19981575?
9
What is the ten thousands digit of 360379885?
7
What is the millions digit of 69153114?
9
What is the hundreds digit of 1094506693?
6
What is the ten thousands digit of 6130933602?
3
What is the thousands digit of 9237921?
7
What is the ten millions digit of 581204539?
8
What is the ten millions digit of 209179052?
0
What is the millions digit of 200481510?
0
What is the hundreds digit of 1750992243?
2
What is the tens digit of 96797782?
8
What is the thousands digit of 196247047?
7
What is the units digit of 601441?
1
What is the thousands digit of 524228276?
8
What is the hundred thousands digit of 7561810910?
8
What is the units digit of 28662196?
6
What is the ten thousands digit of 11620154?
2
What is the millions digit of 115940546?
5
What is the ten thousands digit of 44447232?
4
What is the thousands digit of 204535561?
5
What is the hundred thousands digit of 1129672269?
6
What is the millions digit of 534491726?
4
What is the tens digit of 273767349?
4
What is the millions digit of 53941784?
3
What is the ten millions digit of 676341722?
7
What is the ten thousands digit of 815658188?
5
What is the millions digit of 8379160?
8
What is the hundreds digit of 159421782?
7
What is the hundreds digit of 10616414?
4
What is the tens digit of 3196371637?
3
What is the ten thousands digit of 944328183?
2
What is the tens digit of 60711788?
8
What is the ten millions digit of 16119545?
1
What is the units digit of 538534526?
6
What is the ten millions digit of 24899641?
2
What is the millions digit of 75160930?
5
What is the ten millions digit of 23386199?
2
What is the ten millions digit of 553681938?
5
What is the millions digit of 6594522166?
4
What is the units digit of 21172809?
9
What is the hundred millions digit of 3655948682?
6
What is the units digit of 65051619?
9
What is the hundred millions digit of 2040020074?
0
What is the ten thousands digit of 162502029?
0
What is the ten millions digit of 323981974?
2
What is the billions digit of 7133442858?
7
What is the hundred thousands digit of 84837516?
8
What is the ten millions digit of 14594260?
1
What is the hundreds digit of 2312843?
8
What is the units digit of 399711611?
1
What is the ten thousands digit of 123512596?
1
What is the units digit of 86568644?
4
What is the thousands digit of 732101093?
1
What is the hundred millions digit of 2169047555?
1
What is the millions digit of 23193715?
3
What is the hundred millions digit of 324149733?
3
What is the hundreds digit of 45876599?
5
What is the hundred thousands digit of 2288602894?
6
What is the thousands digit of 48121574?
1
What is the ten thousands digit of 1367044059?
4
What is the hundred millions digit of 458827161?
4
What is the hundred millions digit of 4147342162?
1
What is the ten millions digit of 99839697?
9
What is the thousands digit of 43506857?
6
What is the tens digit of 312851677?
7
What is the ten millions digit of 44060654?
4
What is the tens digit of 102587562?
6
What is the hundred millions digit of 2163190787?
1
What is the units digit of 6605852286?
6
What is the hundred millions digit of 1278247443?
2
What is the billions digit of 1337273594?
1
What is the millions digit of 1049620484?
9
What is the hundred millions digit of 184201481?
1
What is the ten thousands digit of 55186546?
8
What is the thousands digit of 686184477?
4
What is the hundred thousands digit of 39615128?
6
What is the tens digit of 95673645?
4
What is the thousands digit of 1470834868?
4
What is the hundreds digit of 17831058?
0
What is the hundred thousands digit of 3527553624?
5
What is the millions digit of 260212637?
0
What is the units digit of 54244081?
1
What is the hundred millions digit of 3899046026?
8
What is the hundred millions digit of 955357758?
9
What is the ten thousands digit of 158058398?
5
What is the ten thousands digit of 890957986?
5
What is the hundred millions digit of 582674095?
5
What is the hundreds digit of 361784880?
8
What is the thousands digit of 5064818?
4
What is the hundred thousands digit of 104807747?
8
What is the units digit of 57791982?
2
What is the hundred millions digit of 692402719?
6
What is the hundred millions digit of 137070463?
1
What is the hundreds digit of 1071422652?
6
What is the ten millions digit of 250687834?
5
What is the hundreds digit of 64314500?
5
What is the hundred thousands digit of 72106903?
1
What is the tens digit of 724737038?
3
What is the thousands digit of 2310593857?
3
What is the hundreds digit of 7472656?
6
What is the hundred thousands digit of 3961078573?
0
What is the hundred thousands digit of 438065527?
0
What is the millions digit of 32782307?
2
What is the hund